7, 11
What are the prime factors of 402035?
5, 80407
What are the prime factors of 1100980?
2, 5, 55049
List the prime factors of 220753.
13, 16981
What are the prime factors of 148378?
2, 74189
What are the prime factors of 13271671?
7, 19, 99787
List the prime factors of 320763.
3, 106921
List the prime factors of 1912021.
227, 8423
List the prime factors of 7444298.
2, 3722149
List the prime factors of 153085.
5, 17, 1801
List the prime factors of 473984.
2, 7, 23
What are the prime factors of 5283361?
31, 131, 1301
List the prime factors of 1794420.
2, 3, 5, 3323
What are the prime factors of 1940371?
1940371
What are the prime factors of 1578972?
2, 3, 131581
List the prime factors of 263434.
2, 107, 1231
What are the prime factors of 4662533?
29, 43, 3739
List the prime factors of 32050.
2, 5, 641
List the prime factors of 7005975.
3, 5, 109, 857
List the prime factors of 3332587.
53, 227, 277
List the prime factors of 703730.
2, 5, 70373
List the prime factors of 1521371.
1521371
List the prime factors of 9685649.
19, 709, 719
What are the prime factors of 1941419?
1941419
What are the prime factors of 3250909?
73, 44533
What are the prime factors of 3556836?
2, 3, 98801
What are the prime factors of 724703?
7, 103529
List the prime factors of 11530106.
2, 7, 43, 107, 179
What are the prime factors of 447539?
521, 859
What are the prime factors of 16132470?
2, 3, 5, 537749
List the prime factors of 187737.
3, 11, 5689
List the prime factors of 41306598.
2, 3, 41, 691
List the prime factors of 5797091.
1019, 5689
List the prime factors of 21337937.
37, 576701
List the prime factors of 543827.
543827
What are the prime factors of 165656?
2, 20707
What are the prime factors of 71008?
2, 7, 317
List the prime factors of 10960790.
2, 5, 1096079
List the prime factors of 232909.
283, 823
What are the prime factors of 4293914?
2, 29, 101, 733
List the prime factors of 324178.
2, 19, 449
What are the prime factors of 247539?
3, 109, 757
List the prime factors of 188618.
2, 94309
List the prime factors of 29109.
3, 31, 313
What are the prime factors of 6388212?
2, 3, 269, 1979
What are the prime factors of 642042?
2, 3, 53, 673
List the prime factors of 1057895.
5, 173, 1223
What are the prime factors of 4458927?
3, 11, 135119
What are the prime factors of 8636920?
2, 5, 263, 821
What are the prime factors of 926803?
926803
List the prime factors of 901159.
7, 53, 347
List the prime factors of 1715943.
3, 31, 18451
List the prime factors of 7368064.
2, 11, 5233
List the prime factors of 991211.
13, 19, 4013
List the prime factors of 398468.
2, 7, 19, 107
List the prime factors of 19566622.
2, 9783311
List the prime factors of 5013217.
11, 53, 8599
What are the prime factors of 1712218?
2, 29, 53, 557
What are the prime factors of 3908714?
2, 1954357
What are the prime factors of 145521?
3, 19, 23, 37
What are the prime factors of 262812?
2, 3, 11, 181
List the prime factors of 632754.
2, 3, 35153
List the prime factors of 319192.
2, 17, 2347
List the prime factors of 132367.
132367
List the prime factors of 11943594.
2, 3, 13, 43, 1187
What are the prime factors of 255445?
5, 47, 1087
List the prime factors of 2435609.
11, 20129
List the prime factors of 6452310.
2, 3, 5, 215077
What are the prime factors of 16072152?
2, 3, 669673
What are the prime factors of 343357?
7, 181, 271
List the prime factors of 214436.
2, 53609
What are the prime factors of 31358933?
31358933
List the prime factors of 2223650.
2, 5, 11, 13, 311
What are the prime factors of 2891631?
3, 963877
What are the prime factors of 129592?
2, 97, 167
List the prime factors of 1411266.
2, 3, 235211
List the prime factors of 337414.
2, 7, 11, 313
What are the prime factors of 6434485?
5, 37, 34781
List the prime factors of 280234.
2, 61, 2297
What are the prime factors of 15686631?
3, 17, 37, 163
List the prime factors of 1136373.
3, 7, 53, 1021
What are the prime factors of 15973918?
2, 7986959
List the prime factors of 34399876.
2, 7, 1228567
What are the prime factors of 2616904?
2, 73, 4481
List the prime factors of 614814.
2, 3, 43, 2383
What are the prime factors of 7514573?
11, 683143
What are the prime factors of 542734?
2, 271367
What are the prime factors of 24230?
2, 5, 2423
What are the prime factors of 25772?
2, 17, 379
What are the prime factors of 1657853?
139, 11927
List the prime factors of 15653078.
2, 7, 31, 36067
List the prime factors of 1137605.
5, 7, 32503
List the prime factors of 774109.
7, 110587
List the prime factors of 3306411.
3, 23, 15973
What are the prime factors of 6466254?
2, 3, 43, 71, 353
List the prime factors of 9447833.
53, 178261
What are the prime factors of 2929?
29, 101
What are the prime factors of 505484?
2, 7, 2579
What are the prime factors of 164373?
3, 11, 17, 293
What are the prime factors of 1235225?
5, 49409
List the prime factors of 2529920.
2, 5, 59, 67
List the prime factors of 3985729.
11, 362339
List the prime factors of 3214666.
2, 7, 13, 17, 1039
List the prime factors of 157847.
29, 5443
List the prime factors of 125398.
2, 7, 13, 53
List the prime factors of 2734043.
13, 19, 11069
What are the prime factors of 84820?
2, 5, 4241
List the prime factors of 358209.
3, 13267
What are the prime factors of 2716076?
2, 11, 61729
What are the prime factors of 316799?
7, 167, 271
List the prime factors of 10197383.
7, 59, 24691
List the prime factors of 105900.
2, 3, 5, 353
List the prime factors of 860662.
2, 11, 19, 29, 71
What are the prime factors of 1365922?
2, 31, 22031
What are the prime factors of 26496285?
3, 5, 17, 29, 3583
What are the prime factors of 328918?
2, 29, 53, 107
List the prime factors of 12011871.
3, 79, 50683
List the prime factors of 317146.
2, 158573
What are the prime factors of 16694?
2, 17, 491
What are the prime factors of 2568789?
3, 285421
List the prime factors of 187078.
2, 89, 1051
What are the prime factors of 1880647?
1880647
What are the prime factors of 3943093?
7, 11, 41, 1249
What are the prime factors of 3440?
2, 5, 43
List the prime factors of 11699001.
3, 313, 4153
List the prime factors of 34322219.
34322219
List the prime factors of 1021353.
3, 340451
What are the prime factors of 498785?
5, 7, 14251
List the prime factors of 790735.
5, 11, 1307
List the prime factors of 186586.
2, 29, 3217
List the prime factors of 649920.
2, 3, 5, 677
What are the prime factors of 183320?
2, 5, 4583
What are the prime factors of 557001?
3, 199, 311
List the prime factors of 89953.
23, 3911
List the prime factors of 24175388.
2, 6043847
List the prime factors of 11318980.
2, 5, 67, 8447
What are the prime factors of 408784?
2, 29, 881
What are the prime factors of 253284?
2, 3, 21107
List the prime factors of 26453304.
2, 3, 40823
What are the prime factors of 2088820?
2, 5, 71, 1471
List the prime factors of 3937795.
5, 17, 46327
List the prime factors of 4014.
2, 3, 223
List the prime factors of 14860799.
14860799
What are the prime factors of 560337?
3, 17, 10987
What are the prime factors of 10816312?
2, 13, 104003
What are the prime factors of 266687?
266687
List the prime factors of 105794.
2, 13, 313
What are the prime factors of 37935?
3, 5, 281
List the prime factors of 1022651.
7, 146093
List the prime factors of 8683500.
2, 3, 5, 7, 827
List the prime factors of 61930.
2, 5, 11, 563
What are the prime factors of 435130?
2, 5, 53, 821
What are the prime factors of 11238924?
2, 3, 936577
What are the prime factors of 13712118?
2, 3, 7, 326479
What are the prime factors of 43296?
2, 3, 11, 41
List the prime factors of 1209399.
3, 403133
List the prime factors of 7340290.
2, 5, 499, 1471
List the prime factors of 1301677.
13, 100129
What are the prime factors of 7241129?
7, 59, 89, 197
What are the prime factors of 1592407?
17, 47, 1993
What are the prime factors of 7379905?
5, 13, 113537
What are the prime factors of 1722554?
2, 887, 971
What are the prime factors of 61392?
2, 3, 1279
List the prime factors of 500782.
2, 337, 743
List the prime factors of 5779836.
2, 3, 17839
What are the prime factors of 893150?
2, 5, 17863
List the prime factors of 267782.
2, 191, 701
What are the prime factors of 1563327?
3, 57901
List the prime factors of 30880161.
3, 13, 263933
What are the prime 